{"id":1146,"date":"2025-12-07T16:12:26","date_gmt":"2025-12-07T16:12:26","guid":{"rendered":"https:\/\/www.smutnesynagogi.pl\/?post_type=product&#038;p=1146"},"modified":"2025-12-07T16:23:58","modified_gmt":"2025-12-07T16:23:58","slug":"kubek-w-polskiej-kuczce","status":"publish","type":"product","link":"https:\/\/www.smutnesynagogi.pl\/index.php\/produkt\/kubek-w-polskiej-kuczce\/","title":{"rendered":"Kubek \"W polskiej kuczce\""},"content":{"rendered":"<div id=\"dslc-theme-content\"><div id=\"dslc-theme-content-inner\"><p>Ten kubek powsta\u0142 z potrzeby prostoty i wygody. Jestem\u00a0<strong>wymagaj\u0105ca wobec kubk\u00f3w<\/strong>\u00a0\u2013 nie lubi\u0119 wymy\u015blnych kszta\u0142t\u00f3w, kt\u00f3re \u017ale le\u017c\u0105 w d\u0142oni. Ten ma\u00a0<strong>idealn\u0105 pojemno\u015b\u0107 330 ml: nie za du\u017c\u0105 i nie za ma\u0142\u0105<\/strong>, dok\u0142adnie tak\u0105, po kt\u00f3r\u0105 si\u0119ga si\u0119 codziennie bez zastanowienia. Jest\u00a0<strong>trwa\u0142y, odporny i stworzony do regularnego u\u017cytkowania<\/strong>.<\/p>\n<p>Autork\u0105 ilustracji jest\u00a0<strong>Michasia Kowal<\/strong>, a ca\u0142y proces produkcji odby\u0142 si\u0119\u00a0<strong>w Polsce<\/strong>. Grafika przedstawia\u00a0<strong>scen\u0119 modlitwy w kuczce (sukkah) podczas \u015bwi\u0119ta Sukkot<\/strong>. Wida\u0107 na niej charakterystyczne\u00a0<strong>ozdoby z jab\u0142ek<\/strong>, kt\u00f3rymi w Polsce dekorowano kuczk\u0119, poniewa\u017c\u00a0<strong>nie by\u0142o dost\u0119pu do etrog\u00f3w i ga\u0142\u0105zek palmowych<\/strong>. To detal, kt\u00f3ry nadaje ilustracji autentyczno\u015b\u0107 i g\u0142\u0119bi.<\/p>\n<p>Co najwa\u017cniejsze, ten kubek\u00a0<strong>opowiada histori\u0119 polskich \u017byd\u00f3w<\/strong>, uwzgl\u0119dniaj\u0105c\u00a0<strong>lokalne warunki, klimat, pogod\u0119 i dost\u0119pno\u015b\u0107 produkt\u00f3w<\/strong>, kt\u00f3re realnie kszta\u0142towa\u0142y spos\u00f3b prze\u017cywania tradycji.<\/p>\n<p>Kubek dost\u0119pny jest w\u00a0<strong>dw\u00f3ch wersjach kolorystycznych<\/strong>.<br \/>To przedmiot codzienny, kt\u00f3ry niesie ze sob\u0105\u00a0<strong>pami\u0119\u0107, symbol i czu\u0142\u0105 opowie\u015b\u0107 o wsp\u00f3lnocie<\/strong>.<\/p>\n<p><strong>Najwa\u017cniejsze informacje:<\/strong><br \/>- klasyczny, wygodny kszta\u0142t<br \/>- idealna pojemno\u015b\u0107 330 ml<br \/>- ilustracja:\u00a0<strong>Michasia Kowal<\/strong><br \/>- produkcja:\u00a0<strong>Polska<\/strong><br \/>- trwa\u0142y i odporny<br \/>- dost\u0119pny w\u00a0<strong>dw\u00f3ch kolorach<\/strong>: r\u00f3\u017cowym i granatowym<br \/>- motyw:\u00a0<strong>\u015bwi\u0119to Sukkot w polskich realiach, kuczka ozdobiona jab\u0142kami<\/strong><\/p>\n<\/div><\/div>","protected":false},"excerpt":{"rendered":"<p>To kubek, kt\u00f3ry pokazuje \u015bwi\u0119to Sukkot w polskich realiach \u2013 z jab\u0142kami zamiast etrogu. Klasyczna forma, idealna pojemno\u015b\u0107, produkcja w Polsce. Ilustracja Michasi Kowal.<\/p>\n","protected":false},"featured_media":1144,"comment_status":"open","ping_status":"closed","template":"","meta":{"_monsterinsights_skip_tracking":false,"_monsterinsights_sitenote_active":false,"_monsterinsights_sitenote_note":"","_monsterinsights_sitenote_category":0},"product_brand":[],"product_cat":[126],"product_tag":[156,149],"class_list":{"0":"post-1146","1":"product","2":"type-product","3":"status-publish","4":"has-post-thumbnail","6":"product_cat-bez-kategorii","7":"product_tag-kubek","8":"product_tag-smutne-synagogi","10":"first","11":"instock","12":"shipping-taxable","13":"purchasable","14":"product-type-variable","15":"has-default-attributes"},"aioseo_notices":[],"yoast_head":"<!-- This site is optimized with the Yoast SEO plugin v27.4 - https:\/\/yoast.com\/product\/yoast-seo-wordpress\/ -->\n<title>Kubek &quot;W polskiej kuczce&quot; - Smutne synagogi<\/title>\n<meta name=\"robots\" content=\"index, follow, max-snippet:-1, max-image-preview:large, max-video-preview:-1\" \/>\n<link rel=\"canonical\" href=\"https:\/\/www.smutnesynagogi.pl\/index.php\/produkt\/kubek-w-polskiej-kuczce\/\" \/>\n<meta property=\"og:locale\" content=\"pl_PL\" \/>\n<meta property=\"og:type\" content=\"article\" \/>\n<meta property=\"og:title\" content=\"Kubek &quot;W polskiej kuczce&quot; - Smutne synagogi\" \/>\n<meta property=\"og:description\" content=\"To kubek, kt\u00f3ry pokazuje \u015bwi\u0119to Sukkot w polskich realiach \u2013 z jab\u0142kami zamiast etrogu. Klasyczna forma, idealna pojemno\u015b\u0107, produkcja w Polsce. Ilustracja Michasi Kowal.\" \/>\n<meta property=\"og:url\" content=\"https:\/\/www.smutnesynagogi.pl\/index.php\/produkt\/kubek-w-polskiej-kuczce\/\" \/>\n<meta property=\"og:site_name\" content=\"Smutne synagogi\" \/>\n<meta property=\"article:modified_time\" content=\"2025-12-07T16:23:58+00:00\" \/>\n<meta property=\"og:image\" content=\"https:\/\/www.smutnesynagogi.pl\/wp-content\/uploads\/2025\/12\/093019F7-6C59-4230-B637-8A2BC32F3EAA-1.jpeg\" \/>\n\t<meta property=\"og:image:width\" content=\"1920\" \/>\n\t<meta property=\"og:image:height\" content=\"1440\" \/>\n\t<meta property=\"og:image:type\" content=\"image\/jpeg\" \/>\n<meta name=\"twitter:card\" content=\"summary_large_image\" \/>\n<meta name=\"twitter:label1\" content=\"Szacowany czas czytania\" \/>\n\t<meta name=\"twitter:data1\" content=\"1 minuta\" \/>\n<script type=\"application\/ld+json\" class=\"yoast-schema-graph\">{\"@context\":\"https:\\\/\\\/schema.org\",\"@graph\":[{\"@type\":\"WebPage\",\"@id\":\"https:\\\/\\\/www.smutnesynagogi.pl\\\/index.php\\\/produkt\\\/kubek-w-polskiej-kuczce\\\/\",\"url\":\"https:\\\/\\\/www.smutnesynagogi.pl\\\/index.php\\\/produkt\\\/kubek-w-polskiej-kuczce\\\/\",\"name\":\"Kubek \\\"W polskiej kuczce\\\" - Smutne synagogi\",\"isPartOf\":{\"@id\":\"https:\\\/\\\/www.smutnesynagogi.pl\\\/#website\"},\"primaryImageOfPage\":{\"@id\":\"https:\\\/\\\/www.smutnesynagogi.pl\\\/index.php\\\/produkt\\\/kubek-w-polskiej-kuczce\\\/#primaryimage\"},\"image\":{\"@id\":\"https:\\\/\\\/www.smutnesynagogi.pl\\\/index.php\\\/produkt\\\/kubek-w-polskiej-kuczce\\\/#primaryimage\"},\"thumbnailUrl\":\"https:\\\/\\\/www.smutnesynagogi.pl\\\/wp-content\\\/uploads\\\/2025\\\/12\\\/093019F7-6C59-4230-B637-8A2BC32F3EAA-1.jpeg\",\"datePublished\":\"2025-12-07T16:12:26+00:00\",\"dateModified\":\"2025-12-07T16:23:58+00:00\",\"breadcrumb\":{\"@id\":\"https:\\\/\\\/www.smutnesynagogi.pl\\\/index.php\\\/produkt\\\/kubek-w-polskiej-kuczce\\\/#breadcrumb\"},\"inLanguage\":\"pl-PL\",\"potentialAction\":[{\"@type\":\"ReadAction\",\"target\":[\"https:\\\/\\\/www.smutnesynagogi.pl\\\/index.php\\\/produkt\\\/kubek-w-polskiej-kuczce\\\/\"]}]},{\"@type\":\"ImageObject\",\"inLanguage\":\"pl-PL\",\"@id\":\"https:\\\/\\\/www.smutnesynagogi.pl\\\/index.php\\\/produkt\\\/kubek-w-polskiej-kuczce\\\/#primaryimage\",\"url\":\"https:\\\/\\\/www.smutnesynagogi.pl\\\/wp-content\\\/uploads\\\/2025\\\/12\\\/093019F7-6C59-4230-B637-8A2BC32F3EAA-1.jpeg\",\"contentUrl\":\"https:\\\/\\\/www.smutnesynagogi.pl\\\/wp-content\\\/uploads\\\/2025\\\/12\\\/093019F7-6C59-4230-B637-8A2BC32F3EAA-1.jpeg\",\"width\":1920,\"height\":1440},{\"@type\":\"BreadcrumbList\",\"@id\":\"https:\\\/\\\/www.smutnesynagogi.pl\\\/index.php\\\/produkt\\\/kubek-w-polskiej-kuczce\\\/#breadcrumb\",\"itemListElement\":[{\"@type\":\"ListItem\",\"position\":1,\"name\":\"Strona g\u0142\u00f3wna\",\"item\":\"https:\\\/\\\/www.smutnesynagogi.pl\\\/\"},{\"@type\":\"ListItem\",\"position\":2,\"name\":\"Sklep\",\"item\":\"https:\\\/\\\/www.smutnesynagogi.pl\\\/index.php\\\/sklep\\\/\"},{\"@type\":\"ListItem\",\"position\":3,\"name\":\"Kubek &#8222;W polskiej kuczce&#8221;\"}]},{\"@type\":\"WebSite\",\"@id\":\"https:\\\/\\\/www.smutnesynagogi.pl\\\/#website\",\"url\":\"https:\\\/\\\/www.smutnesynagogi.pl\\\/\",\"name\":\"Smutne synagogi\",\"description\":\"Robi\u0119 zdj\u0119cia synagogom i obiektom po\u017cydowskim, kt&oacute;re zabija polska szko\u0142a reklamy i ochrony zabytk&oacute;w\",\"publisher\":{\"@id\":\"https:\\\/\\\/www.smutnesynagogi.pl\\\/#\\\/schema\\\/person\\\/0c7450f003789355636ab018cfb4a00f\"},\"potentialAction\":[{\"@type\":\"SearchAction\",\"target\":{\"@type\":\"EntryPoint\",\"urlTemplate\":\"https:\\\/\\\/www.smutnesynagogi.pl\\\/?s={search_term_string}\"},\"query-input\":{\"@type\":\"PropertyValueSpecification\",\"valueRequired\":true,\"valueName\":\"search_term_string\"}}],\"inLanguage\":\"pl-PL\"},{\"@type\":[\"Person\",\"Organization\"],\"@id\":\"https:\\\/\\\/www.smutnesynagogi.pl\\\/#\\\/schema\\\/person\\\/0c7450f003789355636ab018cfb4a00f\",\"name\":\"admin\",\"image\":{\"@type\":\"ImageObject\",\"inLanguage\":\"pl-PL\",\"@id\":\"http:\\\/\\\/www.smutnesynagogi.pl\\\/wp-content\\\/uploads\\\/2021\\\/11\\\/Smutne-synagogi.png\",\"url\":\"http:\\\/\\\/www.smutnesynagogi.pl\\\/wp-content\\\/uploads\\\/2021\\\/11\\\/Smutne-synagogi.png\",\"contentUrl\":\"http:\\\/\\\/www.smutnesynagogi.pl\\\/wp-content\\\/uploads\\\/2021\\\/11\\\/Smutne-synagogi.png\",\"width\":1920,\"height\":450,\"caption\":\"admin\"},\"logo\":{\"@id\":\"http:\\\/\\\/www.smutnesynagogi.pl\\\/wp-content\\\/uploads\\\/2021\\\/11\\\/Smutne-synagogi.png\"},\"sameAs\":[\"http:\\\/\\\/www.smutnesynagogi.pl\"]}]}<\/script>\n<!-- \/ Yoast SEO plugin. -->","yoast_head_json":{"title":"Kubek \"W polskiej kuczce\" - Smutne synagogi","robots":{"index":"index","follow":"follow","max-snippet":"max-snippet:-1","max-image-preview":"max-image-preview:large","max-video-preview":"max-video-preview:-1"},"canonical":"https:\/\/www.smutnesynagogi.pl\/index.php\/produkt\/kubek-w-polskiej-kuczce\/","og_locale":"pl_PL","og_type":"article","og_title":"Kubek \"W polskiej kuczce\" - Smutne synagogi","og_description":"To kubek, kt\u00f3ry pokazuje \u015bwi\u0119to Sukkot w polskich realiach \u2013 z jab\u0142kami zamiast etrogu. Klasyczna forma, idealna pojemno\u015b\u0107, produkcja w Polsce. Ilustracja Michasi Kowal.","og_url":"https:\/\/www.smutnesynagogi.pl\/index.php\/produkt\/kubek-w-polskiej-kuczce\/","og_site_name":"Smutne synagogi","article_modified_time":"2025-12-07T16:23:58+00:00","og_image":[{"width":1920,"height":1440,"url":"https:\/\/www.smutnesynagogi.pl\/wp-content\/uploads\/2025\/12\/093019F7-6C59-4230-B637-8A2BC32F3EAA-1.jpeg","type":"image\/jpeg"}],"twitter_card":"summary_large_image","twitter_misc":{"Szacowany czas czytania":"1 minuta"},"schema":{"@context":"https:\/\/schema.org","@graph":[{"@type":"WebPage","@id":"https:\/\/www.smutnesynagogi.pl\/index.php\/produkt\/kubek-w-polskiej-kuczce\/","url":"https:\/\/www.smutnesynagogi.pl\/index.php\/produkt\/kubek-w-polskiej-kuczce\/","name":"Kubek \"W polskiej kuczce\" - Smutne synagogi","isPartOf":{"@id":"https:\/\/www.smutnesynagogi.pl\/#website"},"primaryImageOfPage":{"@id":"https:\/\/www.smutnesynagogi.pl\/index.php\/produkt\/kubek-w-polskiej-kuczce\/#primaryimage"},"image":{"@id":"https:\/\/www.smutnesynagogi.pl\/index.php\/produkt\/kubek-w-polskiej-kuczce\/#primaryimage"},"thumbnailUrl":"https:\/\/www.smutnesynagogi.pl\/wp-content\/uploads\/2025\/12\/093019F7-6C59-4230-B637-8A2BC32F3EAA-1.jpeg","datePublished":"2025-12-07T16:12:26+00:00","dateModified":"2025-12-07T16:23:58+00:00","breadcrumb":{"@id":"https:\/\/www.smutnesynagogi.pl\/index.php\/produkt\/kubek-w-polskiej-kuczce\/#breadcrumb"},"inLanguage":"pl-PL","potentialAction":[{"@type":"ReadAction","target":["https:\/\/www.smutnesynagogi.pl\/index.php\/produkt\/kubek-w-polskiej-kuczce\/"]}]},{"@type":"ImageObject","inLanguage":"pl-PL","@id":"https:\/\/www.smutnesynagogi.pl\/index.php\/produkt\/kubek-w-polskiej-kuczce\/#primaryimage","url":"https:\/\/www.smutnesynagogi.pl\/wp-content\/uploads\/2025\/12\/093019F7-6C59-4230-B637-8A2BC32F3EAA-1.jpeg","contentUrl":"https:\/\/www.smutnesynagogi.pl\/wp-content\/uploads\/2025\/12\/093019F7-6C59-4230-B637-8A2BC32F3EAA-1.jpeg","width":1920,"height":1440},{"@type":"BreadcrumbList","@id":"https:\/\/www.smutnesynagogi.pl\/index.php\/produkt\/kubek-w-polskiej-kuczce\/#breadcrumb","itemListElement":[{"@type":"ListItem","position":1,"name":"Strona g\u0142\u00f3wna","item":"https:\/\/www.smutnesynagogi.pl\/"},{"@type":"ListItem","position":2,"name":"Sklep","item":"https:\/\/www.smutnesynagogi.pl\/index.php\/sklep\/"},{"@type":"ListItem","position":3,"name":"Kubek &#8222;W polskiej kuczce&#8221;"}]},{"@type":"WebSite","@id":"https:\/\/www.smutnesynagogi.pl\/#website","url":"https:\/\/www.smutnesynagogi.pl\/","name":"Smutne synagogi","description":"Robi\u0119 zdj\u0119cia synagogom i obiektom po\u017cydowskim, kt&oacute;re zabija polska szko\u0142a reklamy i ochrony zabytk&oacute;w","publisher":{"@id":"https:\/\/www.smutnesynagogi.pl\/#\/schema\/person\/0c7450f003789355636ab018cfb4a00f"},"potentialAction":[{"@type":"SearchAction","target":{"@type":"EntryPoint","urlTemplate":"https:\/\/www.smutnesynagogi.pl\/?s={search_term_string}"},"query-input":{"@type":"PropertyValueSpecification","valueRequired":true,"valueName":"search_term_string"}}],"inLanguage":"pl-PL"},{"@type":["Person","Organization"],"@id":"https:\/\/www.smutnesynagogi.pl\/#\/schema\/person\/0c7450f003789355636ab018cfb4a00f","name":"admin","image":{"@type":"ImageObject","inLanguage":"pl-PL","@id":"http:\/\/www.smutnesynagogi.pl\/wp-content\/uploads\/2021\/11\/Smutne-synagogi.png","url":"http:\/\/www.smutnesynagogi.pl\/wp-content\/uploads\/2021\/11\/Smutne-synagogi.png","contentUrl":"http:\/\/www.smutnesynagogi.pl\/wp-content\/uploads\/2021\/11\/Smutne-synagogi.png","width":1920,"height":450,"caption":"admin"},"logo":{"@id":"http:\/\/www.smutnesynagogi.pl\/wp-content\/uploads\/2021\/11\/Smutne-synagogi.png"},"sameAs":["http:\/\/www.smutnesynagogi.pl"]}]}},"jetpack_sharing_enabled":true,"_links":{"self":[{"href":"https:\/\/www.smutnesynagogi.pl\/index.php\/wp-json\/wp\/v2\/product\/1146","targetHints":{"allow":["GET"]}}],"collection":[{"href":"https:\/\/www.smutnesynagogi.pl\/index.php\/wp-json\/wp\/v2\/product"}],"about":[{"href":"https:\/\/www.smutnesynagogi.pl\/index.php\/wp-json\/wp\/v2\/types\/product"}],"replies":[{"embeddable":true,"href":"https:\/\/www.smutnesynagogi.pl\/index.php\/wp-json\/wp\/v2\/comments?post=1146"}],"wp:featuredmedia":[{"embeddable":true,"href":"https:\/\/www.smutnesynagogi.pl\/index.php\/wp-json\/wp\/v2\/media\/1144"}],"wp:attachment":[{"href":"https:\/\/www.smutnesynagogi.pl\/index.php\/wp-json\/wp\/v2\/media?parent=1146"}],"wp:term":[{"taxonomy":"product_brand","embeddable":true,"href":"https:\/\/www.smutnesynagogi.pl\/index.php\/wp-json\/wp\/v2\/product_brand?post=1146"},{"taxonomy":"product_cat","embeddable":true,"href":"https:\/\/www.smutnesynagogi.pl\/index.php\/wp-json\/wp\/v2\/product_cat?post=1146"},{"taxonomy":"product_tag","embeddable":true,"href":"https:\/\/www.smutnesynagogi.pl\/index.php\/wp-json\/wp\/v2\/product_tag?post=1146"}],"curies":[{"name":"wp","href":"https:\/\/api.w.org\/{rel}","templated":true}]}}