{"id":1185,"date":"2025-12-10T11:51:39","date_gmt":"2025-12-10T11:51:39","guid":{"rendered":"https:\/\/www.smutnesynagogi.pl\/?post_type=product&#038;p=1185"},"modified":"2025-12-10T12:06:07","modified_gmt":"2025-12-10T12:06:07","slug":"zakladka-do-ksiazki-w-oknach-sztetla","status":"publish","type":"product","link":"https:\/\/www.smutnesynagogi.pl\/index.php\/produkt\/zakladka-do-ksiazki-w-oknach-sztetla\/","title":{"rendered":"Zak\u0142adka do ksi\u0105\u017cki \"W oknach sztetla\""},"content":{"rendered":"<div id=\"dslc-theme-content\"><div id=\"dslc-theme-content-inner\"><p><strong>Zak\u0142adka do ksi\u0105\u017cki \u201eW oknach sztetla\u201d<\/strong><\/p>\n<p>Zak\u0142adka inspirowana projektem\u00a0<strong>\u201eW oknach sztetla\u201d<\/strong>\u00a0to drobny, pi\u0119kny przedmiot, kt\u00f3ry przenosi do \u015bwiata miasteczek, w kt\u00f3rych przez stulecia \u017cy\u0142a \u017cydowska spo\u0142eczno\u015b\u0107. Radosny wz\u00f3r przedstawia okna \u2013 te realne i te symboliczne \u2013 przez kt\u00f3re spogl\u0105damy na codzienno\u015b\u0107 dawnych sztetli: \u015bwiat pe\u0142en gwaru, koloru, zapach\u00f3w i ma\u0142ych historii.<\/p>\n<p>To nie tylko praktyczny dodatek do ksi\u0105\u017cki, ale r\u00f3wnie\u017c\u00a0<strong>fragment pami\u0119ci<\/strong>, kt\u00f3ry mo\u017cesz mie\u0107 zawsze pod r\u0119k\u0105. Zak\u0142adka ma matowe wyko\u0144czenie, jest trwa\u0142a, sztywna i \u015bwietnie sprawdza si\u0119 jako prezent do ksi\u0105\u017cki lub drobny upominek dla os\u00f3b ceni\u0105cych kultur\u0119 i histori\u0119.<\/p>\n<p><strong>Dlaczego \u201eW oknach sztetla\u201d?<\/strong><br \/>Bo kiedy dzi\u015b przechodzimy obok dawnych dom\u00f3w modlitwy, kuczek, wn\u0119k po mezuzy czy \u015blad\u00f3w malowide\u0142 \u2013 widzimy jedynie resztki tego, czym kiedy\u015b by\u0142y. Ten projekt pozwala zatrzyma\u0107 te okruchy pami\u0119ci i opowiada dalej o \u015bwiecie, kt\u00f3rego ju\u017c nie ma, ale kt\u00f3ry nadal jest obecny w naszych miasteczkach.<\/p>\n<p><strong>Specyfikacja:<\/strong><\/p>\n<p><strong>- <\/strong>wymiary: 5 \u00d7 22 cm<br \/>- wysokiej jako\u015bci druk, matowe wyko\u0144czenie - laminat<br \/>- odporna na zagi\u0119cia<br \/>- ozdobny chwost<br \/>- autorski projekt inspirowany histori\u0105 sztetli - rysowa\u0142a Michasia Kowal<\/p>\n<\/div><\/div>","protected":false},"excerpt":{"rendered":"<p>Zak\u0142adka inspirowana projektem\u00a0<strong>\u201eW oknach sztetla\u201d<\/strong>\u00a0to drobny, pi\u0119kny przedmiot, kt\u00f3ry przenosi do \u015bwiata miasteczek, w kt\u00f3rych przez stulecia \u017cy\u0142a \u017cydowska spo\u0142eczno\u015b\u0107. <\/p>\n","protected":false},"featured_media":1187,"comment_status":"open","ping_status":"closed","template":"","meta":{"_monsterinsights_skip_tracking":false,"_monsterinsights_sitenote_active":false,"_monsterinsights_sitenote_note":"","_monsterinsights_sitenote_category":0},"product_brand":[],"product_cat":[126],"product_tag":[],"class_list":{"0":"post-1185","1":"product","2":"type-product","3":"status-publish","4":"has-post-thumbnail","6":"product_cat-bez-kategorii","8":"first","9":"instock","10":"taxable","11":"shipping-taxable","12":"purchasable","13":"product-type-simple"},"aioseo_notices":[],"yoast_head":"<!-- This site is optimized with the Yoast SEO plugin v27.4 - https:\/\/yoast.com\/product\/yoast-seo-wordpress\/ -->\n<title>Zak\u0142adka do ksi\u0105\u017cki &quot;W oknach sztetla&quot; - Smutne synagogi<\/title>\n<meta name=\"robots\" content=\"index, follow, max-snippet:-1, max-image-preview:large, max-video-preview:-1\" \/>\n<link rel=\"canonical\" href=\"https:\/\/www.smutnesynagogi.pl\/index.php\/produkt\/zakladka-do-ksiazki-w-oknach-sztetla\/\" \/>\n<meta property=\"og:locale\" content=\"pl_PL\" \/>\n<meta property=\"og:type\" content=\"article\" \/>\n<meta property=\"og:title\" content=\"Zak\u0142adka do ksi\u0105\u017cki &quot;W oknach sztetla&quot; - Smutne synagogi\" \/>\n<meta property=\"og:description\" content=\"Zak\u0142adka inspirowana projektem\u00a0\u201eW oknach sztetla\u201d\u00a0to drobny, pi\u0119kny przedmiot, kt\u00f3ry przenosi do \u015bwiata miasteczek, w kt\u00f3rych przez stulecia \u017cy\u0142a \u017cydowska spo\u0142eczno\u015b\u0107.\" \/>\n<meta property=\"og:url\" content=\"https:\/\/www.smutnesynagogi.pl\/index.php\/produkt\/zakladka-do-ksiazki-w-oknach-sztetla\/\" \/>\n<meta property=\"og:site_name\" content=\"Smutne synagogi\" \/>\n<meta property=\"article:modified_time\" content=\"2025-12-10T12:06:07+00:00\" \/>\n<meta property=\"og:image\" content=\"https:\/\/www.smutnesynagogi.pl\/wp-content\/uploads\/2025\/12\/D7A0037D-2218-4CE8-85A8-9BE0636E0794.jpeg\" \/>\n\t<meta property=\"og:image:width\" content=\"1440\" \/>\n\t<meta property=\"og:image:height\" content=\"1920\" \/>\n\t<meta property=\"og:image:type\" content=\"image\/jpeg\" \/>\n<meta name=\"twitter:card\" content=\"summary_large_image\" \/>\n<meta name=\"twitter:label1\" content=\"Szacowany czas czytania\" \/>\n\t<meta name=\"twitter:data1\" content=\"1 minuta\" \/>\n<script type=\"application\/ld+json\" class=\"yoast-schema-graph\">{\"@context\":\"https:\\\/\\\/schema.org\",\"@graph\":[{\"@type\":\"WebPage\",\"@id\":\"https:\\\/\\\/www.smutnesynagogi.pl\\\/index.php\\\/produkt\\\/zakladka-do-ksiazki-w-oknach-sztetla\\\/\",\"url\":\"https:\\\/\\\/www.smutnesynagogi.pl\\\/index.php\\\/produkt\\\/zakladka-do-ksiazki-w-oknach-sztetla\\\/\",\"name\":\"Zak\u0142adka do ksi\u0105\u017cki \\\"W oknach sztetla\\\" - Smutne synagogi\",\"isPartOf\":{\"@id\":\"https:\\\/\\\/www.smutnesynagogi.pl\\\/#website\"},\"primaryImageOfPage\":{\"@id\":\"https:\\\/\\\/www.smutnesynagogi.pl\\\/index.php\\\/produkt\\\/zakladka-do-ksiazki-w-oknach-sztetla\\\/#primaryimage\"},\"image\":{\"@id\":\"https:\\\/\\\/www.smutnesynagogi.pl\\\/index.php\\\/produkt\\\/zakladka-do-ksiazki-w-oknach-sztetla\\\/#primaryimage\"},\"thumbnailUrl\":\"https:\\\/\\\/www.smutnesynagogi.pl\\\/wp-content\\\/uploads\\\/2025\\\/12\\\/D7A0037D-2218-4CE8-85A8-9BE0636E0794.jpeg\",\"datePublished\":\"2025-12-10T11:51:39+00:00\",\"dateModified\":\"2025-12-10T12:06:07+00:00\",\"breadcrumb\":{\"@id\":\"https:\\\/\\\/www.smutnesynagogi.pl\\\/index.php\\\/produkt\\\/zakladka-do-ksiazki-w-oknach-sztetla\\\/#breadcrumb\"},\"inLanguage\":\"pl-PL\",\"potentialAction\":[{\"@type\":\"ReadAction\",\"target\":[\"https:\\\/\\\/www.smutnesynagogi.pl\\\/index.php\\\/produkt\\\/zakladka-do-ksiazki-w-oknach-sztetla\\\/\"]}]},{\"@type\":\"ImageObject\",\"inLanguage\":\"pl-PL\",\"@id\":\"https:\\\/\\\/www.smutnesynagogi.pl\\\/index.php\\\/produkt\\\/zakladka-do-ksiazki-w-oknach-sztetla\\\/#primaryimage\",\"url\":\"https:\\\/\\\/www.smutnesynagogi.pl\\\/wp-content\\\/uploads\\\/2025\\\/12\\\/D7A0037D-2218-4CE8-85A8-9BE0636E0794.jpeg\",\"contentUrl\":\"https:\\\/\\\/www.smutnesynagogi.pl\\\/wp-content\\\/uploads\\\/2025\\\/12\\\/D7A0037D-2218-4CE8-85A8-9BE0636E0794.jpeg\",\"width\":1440,\"height\":1920},{\"@type\":\"BreadcrumbList\",\"@id\":\"https:\\\/\\\/www.smutnesynagogi.pl\\\/index.php\\\/produkt\\\/zakladka-do-ksiazki-w-oknach-sztetla\\\/#breadcrumb\",\"itemListElement\":[{\"@type\":\"ListItem\",\"position\":1,\"name\":\"Strona g\u0142\u00f3wna\",\"item\":\"https:\\\/\\\/www.smutnesynagogi.pl\\\/\"},{\"@type\":\"ListItem\",\"position\":2,\"name\":\"Sklep\",\"item\":\"https:\\\/\\\/www.smutnesynagogi.pl\\\/index.php\\\/sklep\\\/\"},{\"@type\":\"ListItem\",\"position\":3,\"name\":\"Zak\u0142adka do ksi\u0105\u017cki &#8222;W oknach sztetla&#8221;\"}]},{\"@type\":\"WebSite\",\"@id\":\"https:\\\/\\\/www.smutnesynagogi.pl\\\/#website\",\"url\":\"https:\\\/\\\/www.smutnesynagogi.pl\\\/\",\"name\":\"Smutne synagogi\",\"description\":\"Robi\u0119 zdj\u0119cia synagogom i obiektom po\u017cydowskim, kt&oacute;re zabija polska szko\u0142a reklamy i ochrony zabytk&oacute;w\",\"publisher\":{\"@id\":\"https:\\\/\\\/www.smutnesynagogi.pl\\\/#\\\/schema\\\/person\\\/0c7450f003789355636ab018cfb4a00f\"},\"potentialAction\":[{\"@type\":\"SearchAction\",\"target\":{\"@type\":\"EntryPoint\",\"urlTemplate\":\"https:\\\/\\\/www.smutnesynagogi.pl\\\/?s={search_term_string}\"},\"query-input\":{\"@type\":\"PropertyValueSpecification\",\"valueRequired\":true,\"valueName\":\"search_term_string\"}}],\"inLanguage\":\"pl-PL\"},{\"@type\":[\"Person\",\"Organization\"],\"@id\":\"https:\\\/\\\/www.smutnesynagogi.pl\\\/#\\\/schema\\\/person\\\/0c7450f003789355636ab018cfb4a00f\",\"name\":\"admin\",\"image\":{\"@type\":\"ImageObject\",\"inLanguage\":\"pl-PL\",\"@id\":\"http:\\\/\\\/www.smutnesynagogi.pl\\\/wp-content\\\/uploads\\\/2021\\\/11\\\/Smutne-synagogi.png\",\"url\":\"http:\\\/\\\/www.smutnesynagogi.pl\\\/wp-content\\\/uploads\\\/2021\\\/11\\\/Smutne-synagogi.png\",\"contentUrl\":\"http:\\\/\\\/www.smutnesynagogi.pl\\\/wp-content\\\/uploads\\\/2021\\\/11\\\/Smutne-synagogi.png\",\"width\":1920,\"height\":450,\"caption\":\"admin\"},\"logo\":{\"@id\":\"http:\\\/\\\/www.smutnesynagogi.pl\\\/wp-content\\\/uploads\\\/2021\\\/11\\\/Smutne-synagogi.png\"},\"sameAs\":[\"http:\\\/\\\/www.smutnesynagogi.pl\"]}]}<\/script>\n<!-- \/ Yoast SEO plugin. -->","yoast_head_json":{"title":"Zak\u0142adka do ksi\u0105\u017cki \"W oknach sztetla\" - Smutne synagogi","robots":{"index":"index","follow":"follow","max-snippet":"max-snippet:-1","max-image-preview":"max-image-preview:large","max-video-preview":"max-video-preview:-1"},"canonical":"https:\/\/www.smutnesynagogi.pl\/index.php\/produkt\/zakladka-do-ksiazki-w-oknach-sztetla\/","og_locale":"pl_PL","og_type":"article","og_title":"Zak\u0142adka do ksi\u0105\u017cki \"W oknach sztetla\" - Smutne synagogi","og_description":"Zak\u0142adka inspirowana projektem\u00a0\u201eW oknach sztetla\u201d\u00a0to drobny, pi\u0119kny przedmiot, kt\u00f3ry przenosi do \u015bwiata miasteczek, w kt\u00f3rych przez stulecia \u017cy\u0142a \u017cydowska spo\u0142eczno\u015b\u0107.","og_url":"https:\/\/www.smutnesynagogi.pl\/index.php\/produkt\/zakladka-do-ksiazki-w-oknach-sztetla\/","og_site_name":"Smutne synagogi","article_modified_time":"2025-12-10T12:06:07+00:00","og_image":[{"width":1440,"height":1920,"url":"https:\/\/www.smutnesynagogi.pl\/wp-content\/uploads\/2025\/12\/D7A0037D-2218-4CE8-85A8-9BE0636E0794.jpeg","type":"image\/jpeg"}],"twitter_card":"summary_large_image","twitter_misc":{"Szacowany czas czytania":"1 minuta"},"schema":{"@context":"https:\/\/schema.org","@graph":[{"@type":"WebPage","@id":"https:\/\/www.smutnesynagogi.pl\/index.php\/produkt\/zakladka-do-ksiazki-w-oknach-sztetla\/","url":"https:\/\/www.smutnesynagogi.pl\/index.php\/produkt\/zakladka-do-ksiazki-w-oknach-sztetla\/","name":"Zak\u0142adka do ksi\u0105\u017cki \"W oknach sztetla\" - Smutne synagogi","isPartOf":{"@id":"https:\/\/www.smutnesynagogi.pl\/#website"},"primaryImageOfPage":{"@id":"https:\/\/www.smutnesynagogi.pl\/index.php\/produkt\/zakladka-do-ksiazki-w-oknach-sztetla\/#primaryimage"},"image":{"@id":"https:\/\/www.smutnesynagogi.pl\/index.php\/produkt\/zakladka-do-ksiazki-w-oknach-sztetla\/#primaryimage"},"thumbnailUrl":"https:\/\/www.smutnesynagogi.pl\/wp-content\/uploads\/2025\/12\/D7A0037D-2218-4CE8-85A8-9BE0636E0794.jpeg","datePublished":"2025-12-10T11:51:39+00:00","dateModified":"2025-12-10T12:06:07+00:00","breadcrumb":{"@id":"https:\/\/www.smutnesynagogi.pl\/index.php\/produkt\/zakladka-do-ksiazki-w-oknach-sztetla\/#breadcrumb"},"inLanguage":"pl-PL","potentialAction":[{"@type":"ReadAction","target":["https:\/\/www.smutnesynagogi.pl\/index.php\/produkt\/zakladka-do-ksiazki-w-oknach-sztetla\/"]}]},{"@type":"ImageObject","inLanguage":"pl-PL","@id":"https:\/\/www.smutnesynagogi.pl\/index.php\/produkt\/zakladka-do-ksiazki-w-oknach-sztetla\/#primaryimage","url":"https:\/\/www.smutnesynagogi.pl\/wp-content\/uploads\/2025\/12\/D7A0037D-2218-4CE8-85A8-9BE0636E0794.jpeg","contentUrl":"https:\/\/www.smutnesynagogi.pl\/wp-content\/uploads\/2025\/12\/D7A0037D-2218-4CE8-85A8-9BE0636E0794.jpeg","width":1440,"height":1920},{"@type":"BreadcrumbList","@id":"https:\/\/www.smutnesynagogi.pl\/index.php\/produkt\/zakladka-do-ksiazki-w-oknach-sztetla\/#breadcrumb","itemListElement":[{"@type":"ListItem","position":1,"name":"Strona g\u0142\u00f3wna","item":"https:\/\/www.smutnesynagogi.pl\/"},{"@type":"ListItem","position":2,"name":"Sklep","item":"https:\/\/www.smutnesynagogi.pl\/index.php\/sklep\/"},{"@type":"ListItem","position":3,"name":"Zak\u0142adka do ksi\u0105\u017cki &#8222;W oknach sztetla&#8221;"}]},{"@type":"WebSite","@id":"https:\/\/www.smutnesynagogi.pl\/#website","url":"https:\/\/www.smutnesynagogi.pl\/","name":"Smutne synagogi","description":"Robi\u0119 zdj\u0119cia synagogom i obiektom po\u017cydowskim, kt&oacute;re zabija polska szko\u0142a reklamy i ochrony zabytk&oacute;w","publisher":{"@id":"https:\/\/www.smutnesynagogi.pl\/#\/schema\/person\/0c7450f003789355636ab018cfb4a00f"},"potentialAction":[{"@type":"SearchAction","target":{"@type":"EntryPoint","urlTemplate":"https:\/\/www.smutnesynagogi.pl\/?s={search_term_string}"},"query-input":{"@type":"PropertyValueSpecification","valueRequired":true,"valueName":"search_term_string"}}],"inLanguage":"pl-PL"},{"@type":["Person","Organization"],"@id":"https:\/\/www.smutnesynagogi.pl\/#\/schema\/person\/0c7450f003789355636ab018cfb4a00f","name":"admin","image":{"@type":"ImageObject","inLanguage":"pl-PL","@id":"http:\/\/www.smutnesynagogi.pl\/wp-content\/uploads\/2021\/11\/Smutne-synagogi.png","url":"http:\/\/www.smutnesynagogi.pl\/wp-content\/uploads\/2021\/11\/Smutne-synagogi.png","contentUrl":"http:\/\/www.smutnesynagogi.pl\/wp-content\/uploads\/2021\/11\/Smutne-synagogi.png","width":1920,"height":450,"caption":"admin"},"logo":{"@id":"http:\/\/www.smutnesynagogi.pl\/wp-content\/uploads\/2021\/11\/Smutne-synagogi.png"},"sameAs":["http:\/\/www.smutnesynagogi.pl"]}]}},"jetpack_sharing_enabled":true,"_links":{"self":[{"href":"https:\/\/www.smutnesynagogi.pl\/index.php\/wp-json\/wp\/v2\/product\/1185","targetHints":{"allow":["GET"]}}],"collection":[{"href":"https:\/\/www.smutnesynagogi.pl\/index.php\/wp-json\/wp\/v2\/product"}],"about":[{"href":"https:\/\/www.smutnesynagogi.pl\/index.php\/wp-json\/wp\/v2\/types\/product"}],"replies":[{"embeddable":true,"href":"https:\/\/www.smutnesynagogi.pl\/index.php\/wp-json\/wp\/v2\/comments?post=1185"}],"wp:featuredmedia":[{"embeddable":true,"href":"https:\/\/www.smutnesynagogi.pl\/index.php\/wp-json\/wp\/v2\/media\/1187"}],"wp:attachment":[{"href":"https:\/\/www.smutnesynagogi.pl\/index.php\/wp-json\/wp\/v2\/media?parent=1185"}],"wp:term":[{"taxonomy":"product_brand","embeddable":true,"href":"https:\/\/www.smutnesynagogi.pl\/index.php\/wp-json\/wp\/v2\/product_brand?post=1185"},{"taxonomy":"product_cat","embeddable":true,"href":"https:\/\/www.smutnesynagogi.pl\/index.php\/wp-json\/wp\/v2\/product_cat?post=1185"},{"taxonomy":"product_tag","embeddable":true,"href":"https:\/\/www.smutnesynagogi.pl\/index.php\/wp-json\/wp\/v2\/product_tag?post=1185"}],"curies":[{"name":"wp","href":"https:\/\/api.w.org\/{rel}","templated":true}]}}